e -704 = -a*k + 144. Calculate the remainder when k is divided by 60.
46
What is the remainder when 14409/180 - (-8)/(-160) is divided by 7?
3
Suppose 0 = -16*p + 43*p - 15417. Suppose 3013 = 22*b + p. Calculate the remainder when b is divided by 24.
15
Let m be (28/35)/(3/((-90)/(-1))). Suppose 29*n = m*n + 195. Calculate the remainder when n is divided by (3/(-2))/(2/(-28)).
18
Suppose 5*g + 118 + 37 = 0. Let k = 45 + g. Calculate the remainder when 38 is divided by ((-10)/(-7))/(-2 + 30/k).
8
Let t = 20 - 7. Suppose 3*d = 2*a + 47 + 2, 5*a = d - 25. Calculate the remainder when d is divided by t.
2
Suppose 2*j - a + 5*a - 4 = 0, j - 4 = -4*a. Suppose -5*y = j, 2*n - 12*y - 44 = -10*y. Calculate the remainder when (-1)/(-3) + 260/3 is divided by n.
21
Let o(b) = -1829*b + 1859*b - 71 + 287. What is the remainder when 30 is divided by o(-7)?
0
Suppose q + 2121 = 8*q. Let r(j) = -j**3 + 31*j**2 + 5*j - 94. Calculate the remainder when q is divided by r(31).
59
Let q(b) = 17 - 3 + 2 + 9*b - 10*b. Let w = 53 + -70. What is the remainder when q(w) is divided by 9?
6
Suppose -5*r - 12 = -2*m, -2*m = -m - 3*r - 7. Suppose 5*u - 16 = g - m, 5*g = 2*u - 6. What is the remainder when -2 - 1 - 13*(g + -4) is divided by 18?
13
Let t = -457 - -464. Suppose -l + 3 = -3*d, -l - t + 18 = -d. What is the remainder when l is divided by 8?
7
Suppose 3*n = -4*n + 35. Suppose n*m + 121 = 1. Calculate the remainder when 19 is divided by (-8)/(m/(-63))*2/(-6).
5
Suppose -4*r + k = -24, 3*k + 16 = -4*r + 56. Let a be (-260)/60*(1 - r). Suppose 3*n = -a + 245. What is the remainder when n is divided by 19?
16
Let u(g) = -g**3 + 5*g**2 + 4*g - 10. Let m = 85 + -81. Let x be u(m). Let b = 40 - x. What is the remainder when 70 is divided by b?
16
Let q = 51 + -51. Suppose q = -g - 9*g - 10. Calculate the remainder when 28 is divided by 53/3 - 2 - g/3.
12
Suppose 11*u = 9*u. Let b be u/((-2)/(-3 - -2)). Suppose b*a = -4*a + 20. What is the remainder when 12 is divided by a?
2
Let o(c) = c**3 + 11*c**2 - 14*c - 25. Let i be o(-12). What is the remainder when 48 is divided by 12/(-16)*-1*-20*i?
3
Let d = 3 + 19. Let a = d + 21. Calculate the remainder when 171 is divided by a.
42
Let l(a) = -1. Let b(y) = -5*y - 39. Let p(q) = b(q) - 5*l(q). Calculate the remainder when p(-13) is divided by 6.
1
Let n = -124 + 177. Suppose 3*x = -3*b, 0*x = -5*b + 2*x - 35. Let v = b + n. Calculate the remainder when v is divided by 10.
8
What is the remainder when 348 is divided by ((-15)/(-150) + 22/(-20))*-53?
30
Suppose 0 = 254*r - 200*r - 38124. Calculate the remainder when r is divided by 21.
13
Let b(p) = 7*p + 8. Suppose 23 = 3*d + 20. Let c be 8 + ((-2)/(-3) - d)*3. What is the remainder when b(c) is divided by 21?
15
Let d = -1003 + 1014. Calculate the remainder when 2352 is divided by d.
9
Suppose -53*s = -52*s - 2613. Suppose -36*z = 3*z - s. What is the remainder when 534 is divided by z?
65
Suppose -2*r + v + 3 = -12, 0 = 4*r + 5*v - 9. Suppose -r*u = u - 49. Calculate the remainder when 151 is divided by u.
4
Let n(g) = -g**3 - 4*g**2 + g + 1. Suppose 0 = -5*f + 10*r + 640, f - 94 = -r + 58. Calculate the remainder when f is divided by n(-5).
18
Calculate the remainder when 1000 is divided by -7 - 3 - 53/((-1219)/6118).
232
Let i(h) = h**3 - 6*h**2 + 3*h + 4. Let y be i(7). Let w = -51 + y. Suppose -2*k = -4*d + 2, 0 = 3*k + k + d - w. What is the remainder when 24 is divided by k?
4
Let n(w) = 20*w**2 - 23*w + 78. Let c be n(4). Suppose -21*u = 13*u - c. Calculate the remainder when 27 is divided by u.
0
Let k(u) = -u**3 + 18*u**2 + 5*u - 141. Calculate the remainder when k(13) is divided by 88.
65
Let z = -2573 - -2605. What is the remainder when -2 + 0 - (9 - 105) is divided by z?
30
Let l = 67 + -55. Suppose 13*a - 10*a - l = 0. Suppose 4*r - 76 = -a*t, -r + 36 = 2*t - 0*r. What is the remainder when 65 is divided by t?
14
Let d(a) = -a**3 - 15*a**2 - 5*a - 30. Let b be d(-15). Calculate the remainder when 1 + (-4)/(-1) + 4 + b is divided by 31.
23
Suppose 18 = 3*a, 4*w - 3*a - 16882 = -4*a. What is the remainder when w is divided by 66?
61
Let v be 2645/(-92)*-46*2. Suppose -9*z = -v + 593. What is the remainder when z is divided by 21?
18
Let n = 25810 - 24951. What is the remainder when n is divided by 141?
13
Let l(n) = n**2 - 16*n - 97. Let b be 1/(((-7)/56)/1). Calculate the remainder when 289 is divided by l(b).
4
Suppose -159 - 21137 = -44*t. Calculate the remainder when t is divided by 463.
21
Suppose 1682 = 14*t + 58. Suppose 12*k - 436 - t = 0. Calculate the remainder when k is divided by 18.
10
Let p be (-182)/52*16/(-14). Suppose 0 = -p*j + 2*b + 962, 2*b = 3*j - 157 - 566. What is the remainder when j is divided by 60?
59
Let g be (-10)/(-5) - (6/3 + -344). Suppose 11*o = -g + 1158. What is the remainder when 107 is divided by o?
33
Let p(a) = -6*a - 34. Let z be p(-6). Let h(i) = i**z - 3*i**3 + 59*i - 59*i + 4*i**3 + 15. Calculate the remainder when 38 is divided by h(0).
8
Calculate the remainder when 34*(-4)/32*-92 is divided by 192.
7
Suppose 128*o - 7 = 129*o, -w + 249 = -4*o. What is the remainder when w is divided by 5?
1
Let s be (-2)/5 + (-680)/50. Let j be s/2 - (-10 + 8). Let y(a) = -4*a + 15. What is the remainder when y(j) is divided by 9?
8
Let v = 19807 + -19802. Calculate the remainder when 233 is divided by v.
3
Suppose k = 3*o - 1242, -525 - 720 = -3*o + 2*k. Suppose -5*r + 1663 - o = 0. Calculate the remainder when r is divided by 63.
61
Suppose -93*v = 52*v + 1375 - 12830. What is the remainder when v is divided by 63?
16
Let t = -23578 + 23645. What is the remainder when t is divided by (-1)/((-1)/(-17))*-1?
16
Let d = 5141 - 5058. Calculate the remainder when 96 is divided by d.
13
Suppose 358059 = -65*s + 212*s + 93606. Calculate the remainder when s is divided by 60.
59
Let h(t) = -t**3 + 37*t**2 + 473*t + 21. What is the remainder when h(-11) is divided by 97?
44
Calculate the remainder when 392 is divided by (7 - 47)/10 - (-45 - (0 + -1)).
32
Suppose 843670 = 458*z - 105*z. Calculate the remainder when z is divided by 30.
20
Let g(x) = 2*x**2 - 106*x + 933. What is the remainder when 289 is divided by g(10)?
70
Let l be 140/34 - 84/714. Suppose -4*x - 24 = -3*q, l*x + 3 = q + x. What is the remainder when 42 is divided by q?
6
Suppose 5*t - 74 = -q, 0 = 3*q - 2*t - t - 132. Calculate the remainder when 2642 is divided by q.
45
Let p = -201 + 146. What is the remainder when 127 is divided by (-3 - -21)*p/(-15)?
61
Let d(u) = u**3 + 38*u**2 + 97*u. Calculate the remainder when 813 is divided by d(-35).
253
Let i = -627 + 629. Let t(r) = -2 + r + r**2 + r + 0 + r**3 + 9*r**3. What is the remainder when t(i) is divided by 22?
20
Let r(y) = -32*y**3 - 5*y**2 + 4*y + 12. Let z be r(-3). Suppose 0 = -10*i + z + 261. What is the remainder when i is divided by 33?
9
Let h(s) = -s**3 - 41*s**2 + 127*s + 185. Calculate the remainder when h(-44) is divided by 70.
55
Let t(c) = 7*c + 488. Let m be t(0). Let o = m - 476. Calculate the remainder when 30 is divided by o.
6
Let p(r) = -2*r**2 - 113*r - 12. Calculate the remainder when p(-18) is divided by 81.
78
Suppose 3*u = u - 8. Let p be -3 + ((-16)/u - -52). Suppose -s - 2*t = -20, -2*t + 3 = 4*s - p. Calculate the remainder when 57 is divided by s.
9
Let u(c) be the first derivative of -19*c**2/2 - 8*c - 4. Suppose 2 - 22 = 5*b - g, -4*g = 0. Calculate the remainder when u(b) is divided by 25.
18
Suppose 1268*g = 1288*g - 880. Calculate the remainder when 7918 is divided by g.
42
Calculate the remainder when 184 is divided by (18 + 10)*(1/(-6) + 95/228).
2
Suppose -93*j + 28*j = -2535. Calculate the remainder when 567 is divided by j.
21
Suppose 4*q = -19 - 13, -o + 2*q = -221. Calculate the remainder when 7785 is divided by o.
200
Let h = 3643 + -3401. Calculate the remainder when h is divided by 82.
78
Suppose -98*w = -9*w + 155*w - 62464. Calculate the remainder when w is divided by 131.
125
Let o be 1*(-3 + (1 - -2 - -285)). Let i = 318 - o. Calculate the remainder when i is divided by 14.
5
Let i be -2*(-3)/10 - (-36)/15. Suppose 2*t = -4, i*j + t = 3*t + 19. Suppose 3 = -3*x, -72 = -4*g - j*x + 67. What is the remainder when g is divided by 20?
16
Calculate the remainder when 22 